10*k + 32. What is v(4)?
-40
Let j(q) = 2*q**3 + 95*q**2 + 15*q - 1496. What is j(-47)?
8
Let f(i) = 30*i + 25. Determine f(-3).
-65
Let c(i) = 5*i**2 + 134*i + 604. Determine c(-21).
-5
Let j(a) = -27*a**3 + 2*a**2 + 13*a - 15. Give j(1).
-27
Let h(a) = 2*a**3 + 31. Give h(-3).
-23
Let x(k) = 38*k**2 - 175*k - 3. Determine x(4).
-95
Let s(p) = -70*p + 4257. What is s(61)?
-13
Let s(x) = x**2 + 21*x + 4. What is s(-21)?
4
Let d(v) = 31*v + 396. Calculate d(-14).
-38
Let r(n) = -100*n - 133. Give r(-4).
267
Let t(z) = 495*z + 8381. Give t(-17).
-34
Let a(h) = h**2 + 46*h - 2. Determine a(-51).
253
Let q(d) = -5*d**2 + 30*d - 71. What is q(5)?
-46
Let h(f) = -4*f + 16. What is h(3)?
4
Let f(q) = q**2 + 97*q + 1180. What is f(-88)?
388
Let v(r) = -r**3 + 95*r**2 + 67*r + 2787. What is v(96)?
3
Let l(t) = -t**2 - 143*t + 883. Determine l(6).
-11
Let l(y) = 3*y**2 - 33*y - 226. Give l(-5).
14
Let o(c) = -22*c + 948. Determine o(44).
-20
Let w(t) = -t**2 - 20*t + 75. Give w(-23).
6
Let k(p) = 2*p**3 - 39. Determine k(-4).
-167
Let k(r) = 54*r + 1697. Determine k(-34).
-139
Let x(s) = 4*s + 7. What is x(0)?
7
Let m(g) = -g**3 + 15*g**2 - 36. Calculate m(6).
288
Let q(u) = 180*u - 4140. Give q(22).
-180
Let a(t) = -54*t**3 + 25*t**2 - 23*t - 3. Give a(1).
-55
Let i(c) = -10*c - 125. Give i(-13).
5
Let q(h) = -1603*h + 27181. What is q(17)?
-70
Let d(j) = 31*j - 229. Calculate d(10).
81
Let t(d) = -d**3 + 6*d - 41. Determine t(-5).
54
Let v(b) = 39*b**2 - 3*b - 1. Calculate v(-1).
41
Let t(x) = -3*x**2 + 53*x - 144. Calculate t(14).
10
Let c(d) = 25*d - 66. Give c(0).
-66
Let b(g) = -326*g + 2345. What is b(7)?
63
Let y(l) = -44*l**2 - 1101*l - 19. Calculate y(-25).
6
Let k(g) = -g**3 - 31*g**2 + 2*g + 74. Calculate k(-31).
12
Let k(z) = -z**3 + 79*z**2 - 296*z - 297. Calculate k(75).
3
Let y(c) = -2*c**3 - 5*c**2 - 146*c - 281. Calculate y(-2).
7
Let o(y) = 73*y - 1290. Determine o(12).
-414
Let m(a) = -6*a - 623. What is m(-106)?
13
Let a(f) = 55*f + 1693. Calculate a(-31).
-12
Let w(s) = -2*s**2 + 16*s + 30. Calculate w(-2).
-10
Let a(m) = m**2 - 89*m + 1892. Determine a(54).
2
Let i(s) = 64*s**2 - 151*s. Determine i(2).
-46
Let c(s) = s**2 - 38*s - 125. Give c(42).
43
Let u(r) = -243*r + 6314. Determine u(26).
-4
Let j(h) = -6*h**2 + 49*h + 11. What is j(8)?
19
Let r(i) = -41*i**2 - 3527*i - 91. What is r(-86)?
-5
Let i(m) = -32*m**2 + 138*m - 18. Calculate i(4).
22
Let v(l) = l**2 + 33*l + 201. Determine v(-26).
19
Let a(k) = -k**3 - 21*k**2 - 8*k - 154. Determine a(-21).
14
Let d(b) = b**3 + 15*b**2 + 44*b + 9. Calculate d(-6).
69
Let m(g) = 10*g**2 + 4*g - 6. Calculate m(-4).
138
Let u(y) = -1983*y - 45605. Give u(-23).
4
Let o(s) = -16*s**3 + 9*s**2 - 26*s - 6. Determine o(3).
-435
Let o(q) = q**2 - 235*q - 89553. Determine o(439).
3
Let c(m) = 2*m**3 - 8*m**2 + 110*m - 619. Calculate c(5).
-19
Let u(h) = 4*h**2 + 137*h + 41. What is u(-34)?
7
Let d(r) = -2*r**3 - 10*r**2 - 150*r - 576. Calculate d(-4).
-8
Let l(h) = h**2 - 38*h - 18. Determine l(40).
62
Let k(p) = p**3 + 27*p**2 + 58*p + 101. Determine k(-24).
437
Let i(t) = 5*t**2 + 71*t + 241. Give i(-3).
73
Let o(t) = -2*t**2 - 140*t - 1307. What is o(-11)?
-9
Let p(h) = -h**2 - 50*h + 3304. Calculate p(-87).
85
Let h(j) = 7*j**2 + 121*j + 26. What is h(-17)?
-8
Let v(d) = 125*d - 768. What is v(6)?
-18
Let h(k) = -3*k**3 - k**2 - 159*k + 325. Give h(2).
-21
Let x(j) = 2*j**3 - 5*j**2 + 452*j - 1338. Calculate x(3).
27
Let x(u) = 83*u - 1243. Calculate x(15).
2
Let r(y) = y**3 + 10*y**2 - 52*y - 39. Calculate r(-12).
297
Let p(b) = -12*b + 66. Calculate p(9).
-42
Let j(r) = -16*r**2 - 3*r + 8. Determine j(3).
-145
Let k(m) = 693*m - 7610. What is k(11)?
13
Let h(t) = t**3 + 14*t**2 - 192*t - 2667. What is h(-13)?
-2
Let l(h) = -3*h**2 - 76*h + 94. Calculate l(-23).
255
Let t(d) = 30*d**2 - 10*d - 30. Determine t(-2).
110
Let y(o) = 2*o**2 - 41*o + 242. Give y(11).
33
Let k(w) = -w**3 - 48*w**2 - 139*w - 148. Calculate k(-45).
32
Let g(y) = 28*y**2 - 520*y + 2206. Determine g(12).
-2
Let q(d) = -2*d**3 - 582*d**2 - 3417*d + 31. What is q(-6)?
13
Let z(s) = -76*s + 160. Determine z(2).
8
Let c(m) = 27*m**3 - 465*m**2 + 107*m - 71. What is c(17)?
14
Let s(z) = -8*z - 97. Determine s(-14).
15
Let f(i) = 269*i + 3373. What is f(-13)?
-124
Let s(n) = n**2 + 71*n - 13. What is s(-71)?
-13
Let p(m) = -31*m - 469. Determine p(-15).
-4
Let w(s) = -s**2 - 11*s - 10. What is w(-5)?
20
Let f(b) = -b**2 - 4*b + 258. Calculate f(16).
-62
Let o(k) = k**3 - 50*k**2 - 215*k - 49. What is o(54)?
5
Let o(j) = -j**3 - 11*j**2 + 5*j - 290. Give o(-13).
-17
Let l(m) = 2*m**3 + 18*m**2 - 8*m - 21. Determine l(-8).
171
Let z(x) = 217*x + 20181. What is z(-93)?
0
Let t(p) = -130*p + 95. Give t(-2).
355
Let b(i) = -229*i - 1569. What is b(-7)?
34
Let i(w) = 89*w**3 + 2*w**2 + 2*w + 2. Calculate i(-1).
-87
Let j(p) = -19*p**2 + 5*p + 1. What is j(3)?
-155
Let f(y) = -y**3 - 63*y**2 + 325*y - 959. Determine f(-68).
61
Let k(f) = f**2 - 370*f - 2289. What is k(-6)?
-33
Let h(n) = 49*n + 2771. Give h(-51).
272
Let a(x) = -x**3 - 69*x**2 + 139*x - 212. Calculate a(-71).
1
Let p(z) = 5*z**2 - 114*z + 4. What is p(23)?
27
Let p(b) = 3*b**2 + 6*b + 14. Calculate p(6).
158
Let w(j) = 25*j**2 + 67*j - 135. What is w(2)?
99
Let o(y) = -y**2 - 497*y - 1469. Calculate o(-3).
13
Let s(g) = g**2 + 115*g + 3304. Give s(-61).
10
Let s(q) = -39*q + 556. Give s(23).
-341
Let f(r) = -448*r - 3580. What is f(-8)?
4
Let s(c) = 6*c + 105. Determine s(14).
189
Let m(a) = -a**3 - 41*a**2 - 423*a + 90. Calculate m(-21).
153
Let q(r) = r**2 - 36*r - 436. Determine q(-9).
-31
Let a(q) = 13*q - 1275. Give a(100).
25
Let s(x) = -x**2 - 26*x + 239. Calculate s(-30).
119
Let f(l) = -l**2 + 13*l + 7. Determine f(12).
19
Let n(d) = -425*d + 1322. What is n(3)?
47
Let f(x) = -3*x**3 - 27*x**2 - 34*x + 73. What is f(-9)?
379
Let q(d) = d**2 + 74*d - 2266. Give q(23).
-35
Let d(w) = 2*w**3 + 90*w**2 - 370*w - 82. Calculate d(4).
6
Let h(b) = b**3 - 13*b**2 - 9*b - 97. What is h(15)?
218
Let q(w) = -w**3 - 9*w**2 + 59*w + 226. Give q(-3).
-5
Let i(z) = -4*z**2 + 69*z + 1058. Determine i(-14).
-692
Let r(c) = -2*c**3 + 3*c**2 - 2. What is r(-1)?
3
Let l(m) = -m**3 - 17*m**2 - 45*m + 183. Give l(-12).
3
Let j(s) = 68*s - 3734. What is j(55)?
6
Let u(v) = v**3 + 154*v**2 + 2328*v - 140. Calculate u(-137).
-3
Let v(a) = -a**2 - 539*a - 48444. Determine v(-114).
6
Let h(v) = 2*v**3 + 13*v**2 + 23*v + 6. Determine h(-3).
0
Let l(o) = 2*o**3 - 25*o**2 + 103*o - 17. Calculate l(6).
133
Let h(b) = b**2 + 26*b - 19. Give h(-26).
-19
Let f(y) = 11*y - 34. Calculate f(1).
-23
Let o(h) = h**2 + 39*h + 97. Calculate o(-8).
-151
Let v(p) = 5789*p - 69445. Give v(12).
23
Let i(n) = n**2 + 59*n + 557. Determine i(-33).
-301
Let k(u) = -43*u - 606. Calculate k(-14).
-4
Let u(s) = -3418*s - 10224. Give u(-3).
30
Let h(t) = -2*t**2 + 544*t - 8130. Give h(16).
62
Let k(p) = p**3 - 12*p**2 - 36*p + 299. Give k(13).
0
Let d(s) = 9*s**2 - 13*s - 19. Determine d(-2).
43
Let w(a) = 32*a - 8. Determine w(-6).
-200
Let c(i) = 2*i**3 - 2*i**2 + 6*i - 2. Give c(3).
52
Let f(b) = -95*b**2 - 22135*b - 5. What is f(-233)?
-5
Let q(z) = -z**2 + 73*z + 2180. What is q(96)?
-28
Let p(x) = x**3 + 2*x**2 + 23*x + 6. Calculate p(-7).
-400
Let c(l) = -16*l**2 - 70*l - 134. Give c(-2).
-58
Let r(t) = t**3 - 24*t**2 - 128*t - 491. Calculate r(29).
2
Let i(n) = 32*n - 6170. Give i(190).
-90
Let n(t) = -3*t**3 - 13*t**2 - 59*t - 226. Give n(-4).
-6
Let c(s) = -s**3 - 17*s**2 + 34*s - 23. Determine c(-19).
53
Let d(c) = -17*c + 158. What is d(16)?
-114
Let s(d) = -d**3 - 22*d**2 + 449*d - 64. What is s(-35)?
146
Let s(f) = 312*f - 2549. Give s(6).
-677
Let n(p) = p**3 - 28*p**2 + 71*p - 4. Determine n(3).
-16
Let t(m) = -3*m**2 - 106*m - 217. Give t(-2).
-17
Let r(z) = -z**3 + 30*z**2 - 227*z + 61. What is r(16)?
13
Let m(y) = y**3 + 130*y**2 - 217*y - 11260. Give m(-131).
6
Let i(o) = -9*o**2 + 18*o - 14. What is i(6)?
-230
Let h(b) = b**2 - 16*b - 29. What is h(-2)?
7
Let c(w) = -2*w**2 - 41*w + 117. Give c(-29).
-376
Let n(l) = 80*l + 1402. Calculate n(-19).
-118
Let t(l) = l**3 - 18*l**2 + 21*l - 123. What is t(17)?
-55
Let z(r) = -r**3 - 10*r**2 - 20*r - 35. Determine z(-7).
-42
Let i(a) 